(18 - 1) - 50)?
-56
4 + (9 - 6 - (8 + -7 + -6))
12
What is 2 - (0 + 38 - 5) - (-2 - -7)?
-36
Calculate (-1 - -5) + -5 + (9 - (0 - -2)) + -6.
0
What is the value of -17 + 38 + (-40 - 0 - -106)?
87
Calculate 64 + 0 - (774 + -647).
-63
Calculate (-5 + 4 - (-44 + (1 - 1))) + 17 + -13.
47
Calculate -40 - -38 - (-7 - 7 - -62).
-50
Calculate -28 + -26 - (38 - 114).
22
(-26 - ((-21 - 2) + -4)) + (0 - -10) + 72
83
What is (89 - 80) + (37 - 2) + 7?
51
Evaluate 1 + (-4 - -5) + (-73 + 47 - (8 + 55)).
-87
Calculate -12 + 37 - 30 - (-1 - -1) - (1 + -25).
19
Calculate (45 - 32) + (9 - (-1 - 36 - (57 + -61))).
55
What is the value of -9 - 0 - ((-46 - 40) + 56)?
21
Calculate (291 - 288) + ((4 - -12) + 0 - -5).
24
Calculate -30 + -51 - (-4 - -2 - (-9 - (-17 - -8))).
-79
What is (18 + -49 - (-7 - 85)) + -19?
42
Evaluate -3 + -8 + -20 + 19 - (1 - -7).
-20
(107 - 16) + -28 - (0 - (2 + -2) - -3)
60
2 + -4 - -3 - 20 - (41 - (15 + 35))
-10
Evaluate (-29 + -8 - -7 - -7) + -6 + 1 + -5.
-33
Evaluate -7 - (-26 + 2 + 13) - (-1 + -19).
24
0 + (76 - 46 - 8)
22
Calculate (0 - 5) + (-15 - 42) - (10 + (-4 - 1)).
-67
What is -36 + 2 + -3 + -29 - -20?
-46
Evaluate (28 + (-21 - -37) - 56) + (-17 - 2) + 3.
-28
Evaluate 87 + (-29 - -5) + -3 + 1 + 63 + -61.
63
What is the value of 5 - (-33 + 9) - (7 - 11)?
33
1 - ((-9 - -1) + 22 + (13 + -8 - 38))
20
What is -35 - (-70 + (9 - 4)) - -13?
43
Calculate 1 - 17 - (1 - 14) - (-13 - 0).
10
Evaluate 15 + (18 - 13 - 39) - 12.
-31
What is the value of 12 + ((-10 - (10 + -9)) + -1 + 9 - 57)?
-48
Evaluate (0 - 0) + (-6 - 3 - -16) - (-49 - -30).
26
What is the value of 4 + 0 - (-30 + -5 + 16 + 8)?
15
What is the value of 7 + 2 - -38 - -15 - 24?
38
Evaluate (8 - (5 - 11)) + (-1 - (-16 - 32)).
61
Calculate -44 - (24 + 3 + -65).
-6
What is -106 - -104 - ((-4 - 1) + (8 - (-7 - -11)))?
-1
What is 25 + (-85 - -30 - -23)?
-7
Evaluate 1 + 2 - 44 - ((-324 - -326) + (1 - 11)).
-33
What is the value of (299 - 347) + 50 + 6?
8
Calculate (52 - 20 - (-2 + 28)) + 76.
82
What is the value of -141 + 61 - -26 - (2 + -1)?
-55
15 + 20 - (-22 + 21 + 10 - 15)
41
Evaluate (95 - (-4 - -51)) + -45.
3
What is -60 + (43 - (-28 - -19))?
-8
What is the value of -31 - (20 + (-43 - 56))?
48
What is (19 - (-21 - (-14 + -16))) + -95?
-85
What is -41 + (36 - (25 - 6 - 0)) + -116?
-140
What is the value of (-10 + 3 + 1 - -11) + -7 + -6 + 56?
48
What is 81 + (-18 - 42 - 93)?
-72
Evaluate -9 + (55 + -42 - (-6 + 1)) - 14.
-5
What is the value of 48 + 17 + -28 - (3 + 37)?
-3
What is the value of -7 - (197 + -173 - (3 - -44))?
16
What is the value of (-13203 - -13382) + 0 + -94?
85
Calculate (9 - (-4 - -69)) + (-15 - -29).
-42
What is (30 + 2 + (-25 - -17) - -6) + -8?
22
Evaluate 13 + ((7 - 1) + -115 + 108 - 99).
-87
What is the value of 39 + 7 + (-11 - (-7 + -9)) + -13?
38
What is -70 - (100 - 216) - 23?
23
Calculate 85 - (14 + (8 + 9 - (-14 - -30))).
70
Evaluate -11 - ((-9 - (48 - 61)) + (-61 - -1)).
45
22 - 0 - (18 + 49 - 46)
1
What is the value of -29 + (8 - 5 - -7) + (121 - 56)?
46
12 - (9 + 0 - (139 + -122))
20
Evaluate -32 - 2 - (-4 + -34).
4
Calculate (-23 - (-60 - -16)) + (-3 - (-33 - -15)).
36
(1 + 5 - (6 - 5)) + (7900 - 7998)
-93
Calculate -6 - (6 + -5) - (-97 + -1 - (-195 + 176)).
72
Calculate 111 - ((120 - -37) + -14).
-32
What is 1 - (4 - -1) - (157 - 126 - (-15 - 2))?
-52
Calculate (179 - 135 - 301) + 135.
-122
What is -1 + -1 - 48 - (-1724 + 1743)?
-69
Evaluate -8 + ((-10 - 0) + (-31 - -29) - -16 - -6).
2
What is -90 + (66 - 59) + -19 + 6 + 0?
-96
(42 - 16) + (-23 - -2) - 11
-6
What is the value of 86 - (-53 + 53 + -3 + 10 + 1 + -2)?
80
Evaluate 58 - -1 - (-5 + 0 + -5 + -131 + 127).
73
Evaluate -11 - 3 - ((45 - -26) + -33).
-52
70 + -9 + (-5 - -6 - (35 - 33))
60
Calculate (-11 - -41) + (1 - 0 - (33 + -42)).
40
What is the value of (4231 - 4256) + (-7 - 0) + 2 + -1?
-31
17 + (10 - (10 + -35 + 19))
33
What is the value of (-2 - -3) + ((7 - -2) + 31 - -95)?
136
What is the value of 31 - (26 + (-12 - -102) + 43)?
-128
What is the value of -11 - -10 - (-49 + -14 + 20)?
42
(-7 - 5 - (18 + -35)) + 13 + -90
-72
Evaluate 412 + -506 + (34 - -3).
-57
(-3 + 3 - -3) + (46 - (69 + -39))
19
Evaluate 3 + 27 + (-40 - 7) + -43.
-60
What is the value of -5 - ((-7 - (-3 - (-19 + 11))) + -5)?
12
What is the value of 328 - 114 - 159 - (23 + -3 + 0)?
35
What is the value of 62 + (4 - 206) + 97?
-43
What is (18 - 0) + (-77 - -20) + 24?
-15
(33 - (50 - 23)) + -10 + 2 - -45
43
What is 9 + (85 - (-22 + -185 + 190 + (7 - 0)))?
104
3 + -8 + (74 - (-8 + -3 + 20))
60
What is 172 + -203 + (3 - (10 + -30))?
-8
Calculate 38 - ((1 - -46) + -2537 + 2498).
30
Evaluate (94 + 32 - 10) + -28.
88
What is the value of -1144 + 1154 - ((0 - 4) + 3 + -66)?
77
Evaluate (28 - 49 - -46) + -43.
-18
(49 - (37 - -7)) + 9 + -34
-20
(-94 + 84 - (-1 - -15)) + (11 - 1)
-14
Evaluate -11 + (12 - (-1 + (-3 - 6) + 23 + -12)).
0
-11 - (-1 + -22 + (-93 - (85 - 97)))
93
What is 298 + -289 + (-1 - (-41 - (3 + -4)))?
48
What is (-1 - (1 - -19 - 6 - 10)) + 4 + 10?
9
(-43 - 20) + 17 - (-3 - (0 + -4 + 9))
-38
What is -7671 + 7572 + (0 - -22)?
-77
Calculate 49 - (-8 + 14 + (-31 - 8)).
82
Evaluate 75 - (13 + 2 - (222 + -215)).
67
Evaluate 0 - -14 - 1 - (581 - 586).
18
What is 2 + -5 + 1 + -2 - (37 + (58 - 103))?
4
Calculate -1 + 1 + (13 + 12 - 24) - (-10 - -10).
1
Calculate 8 - (8 - 0) - (-13 + 7) - (5 + 0).
1
Calculate -19844 + 19812 + (137 - 0).
105
Calculate -12 + 8 + -7 - (-39 - -33).
-5
Calculate -34 + (136 - 26) + -45.
31
What is the value of 22 + (32 + 0 - (-605 - -641))?
18
What is the value of -117 - (-59 - (98 + -96))?
-56
Calculate -26 - (-13 + -19 - -15) - -100.
91
(-47 - (-92 + 119)) + 91
17
Calculate -33 + (9 - 45) - -54.
-15
Calculate 2 - (-24 + 22 - (3 + 6 - -3)).
16
What is -18 + (31 - (23 + -13)) - (-2 + 24)?
-19
Evaluate (18 + -27 - -14) + 77 - 18.
64
202 + -216 + -1 + 20 + (0 - 40)
-35
(3 - (-12 - -75)) + (-2 - (-3 - 9 - -4))
-54
Evaluate 22 + 1 + 4 + -8 + -44 + 37 + -19.
-7
Evaluate 4 + -61 + (18 + -48 + -2 - (-17 - 2)).
-70
Calculate (119 + -99 - (7 + 3 - 0)) + -38.
-28
Evaluate 8 + 11 + -27 + 5 + -1 + 4 + 27.
27
Calculate -5 + 5 + -9 - (-3 + 15).
-21
Calculate -41 - (-98 + -6) - (5 + -2 + 0) - -8.
68
What is -9 - (-13 + 11) - ((14 - 26) + (9 - -1))?
-5
What is the value of (6 - 2 - 10) + (54 - 86) + 7?
-31
555 + -563 - (0 + -3 - (-6 + 5) - -23)
-29
20 + 62 + -37 - 52 - (0 + -1 + 65)
-71
What is -4 - -12 - (6 + (-75 - -6) - (24 - 36))?
59
What is the value of 0 + (-7 + 23 - -24) + (-7 - -14)?
47
What is the value of -60 + (-1 + 18 - (-106 + 118)) + (-3 - 1)?
-59
Calculate (10 + -5 - 19) + 21 - (16 + -5) - 63.
-67
Evaluate 0 + 3 + (6 - ((84 - -1) + -14 + -19)).
-43
-11 + (66 - (2 - -3)) + -16
34
What is the value of (86 + -1 - 103) + (-7 - 33)?
-58
-40 + 156 + (-12 - 48)
56
Evaluate -8456 - -8177 - (-2 + -149).
-128
What is 18 + (21 - ((9 - -27) + -10) - -2)?
15
What is 39 - -3 - (-4 - (-14 + -4)) - (5 + -1)?
24
What is 61 - 122 - (-41 - 66)?
46
Calculate 18 + 4 + (-16 - -78) + -16.
68
What is the value of (-6 - 10 - (-108 - -70)) + -48?
-26
What is (-61 - -4) + 17 + 88?
48
(-93 - -126 - 62) + (-2 - (-3 - -1))
-29
Calculate -9 + (-5 - -10 - (17 - (-8 - -12))).
-17
What is the value of 45 + 34 + (-33 - 9)?
37
Evaluate 25 - (-18 - (-17 - -15) - -87).
-46
Calculate 39 + (5 + (-7 - 5 - -9) - 14).
27
Evaluate -222 + 234 - (1 + -18 + -4 + -3).
36
Evaluate (-21 - 5) + 25 + 18 + 7.
24
Calculate -101 - (62 + -118 + -7).
-38
-79 + 103 - (-1 - -63)
-38
What is the value of (0 - 6) + (-5 - -2 - -15) + 14 + 6?
26
Calculate 33 + -1 + 1 + -6635 + 6626.
24
What is the value of (10 - (1 + -2)) + (2436 - 2455)?
-8
Calculate (-10 - -57 - 108) + 38.
-23
Calculate 41 + 13 + (5 - 60).
-1
What is -34 - (-150 + 108 + 25)?
-17
Evaluate 87 + (13 - (-45 + 17)).
128
Evaluate (-47 - -6) + (6 - -96).
61
Calculate (20 - 6) + -14 - (2 + 0) - (18 - 27).
7
What is the value of -9 - 11 - (-60 + 64 - (-1 + -3) - -3)?
-31
What is -28 - (12 - (114 + -28 + -20))?
26
What is the value of -1 - 90 - (49 + (-23 - -22) + -57)?
-82
What is the value of 2 + 2 + (5 - 0) - (-85 - -50) - 9?
35
What is the value of 25 - (16 - ((12 - (14 - 13)) + 23))?
43
Evaluate -139 + 133 - (-52 + (1 - 6)).
51
What is 49 + -52 + 38 + (2 - (12 - -1))?
24
(70 + -62 + 68 - 22) +